ors of 1258?
2, 17, 37
List the prime factors of 27302.
2, 11, 17, 73
What are the prime factors of 17098?
2, 83, 103
List the prime factors of 5744.
2, 359
List the prime factors of 3777.
3, 1259
List the prime factors of 4386.
2, 3, 17, 43
List the prime factors of 19728.
2, 3, 137
List the prime factors of 4001.
4001
List the prime factors of 75046.
2, 157, 239
List the prime factors of 5898.
2, 3, 983
What are the prime factors of 611?
13, 47
List the prime factors of 29125.
5, 233
List the prime factors of 39316.
2, 9829
What are the prime factors of 91617?
3, 30539
List the prime factors of 1370.
2, 5, 137
List the prime factors of 46362.
2, 3, 7727
List the prime factors of 8098.
2, 4049
What are the prime factors of 747?
3, 83
What are the prime factors of 498?
2, 3, 83
What are the prime factors of 9674?
2, 7, 691
List the prime factors of 1995.
3, 5, 7, 19
List the prime factors of 3831.
3, 1277
List the prime factors of 926.
2, 463
What are the prime factors of 23458?
2, 37, 317
What are the prime factors of 4438?
2, 7, 317
What are the prime factors of 3377?
11, 307
What are the prime factors of 534?
2, 3, 89
List the prime factors of 43.
43
List the prime factors of 1921.
17, 113
What are the prime factors of 1002?
2, 3, 167
List the prime factors of 86350.
2, 5, 11, 157
List the prime factors of 3307.
3307
List the prime factors of 1271.
31, 41
What are the prime factors of 707?
7, 101
What are the prime factors of 7170?
2, 3, 5, 239
List the prime factors of 879.
3, 293
What are the prime factors of 34632?
2, 3, 13, 37
List the prime factors of 18451.
18451
List the prime factors of 134243.
134243
List the prime factors of 1172.
2, 293
What are the prime factors of 8368?
2, 523
What are the prime factors of 454?
2, 227
What are the prime factors of 831?
3, 277
What are the prime factors of 640?
2, 5
What are the prime factors of 954?
2, 3, 53
What are the prime factors of 34625?
5, 277
What are the prime factors of 784?
2, 7
What are the prime factors of 2725?
5, 109
List the prime factors of 3357.
3, 373
What are the prime factors of 1380?
2, 3, 5, 23
List the prime factors of 28168.
2, 7, 503
What are the prime factors of 38686?
2, 23, 29
List the prime factors of 2423.
2423
List the prime factors of 2739.
3, 11, 83
List the prime factors of 5157.
3, 191
List the prime factors of 14947.
14947
List the prime factors of 2777.
2777
List the prime factors of 6039.
3, 11, 61
What are the prime factors of 95?
5, 19
What are the prime factors of 8410?
2, 5, 29
What are the prime factors of 5842?
2, 23, 127
What are the prime factors of 11214?
2, 3, 7, 89
List the prime factors of 7624.
2, 953
List the prime factors of 34874.
2, 7, 47, 53
What are the prime factors of 569?
569
What are the prime factors of 9525?
3, 5, 127
What are the prime factors of 192?
2, 3
List the prime factors of 4177.
4177
List the prime factors of 51503.
51503
List the prime factors of 1977.
3, 659
What are the prime factors of 2?
2
What are the prime factors of 5091?
3, 1697
List the prime factors of 4724.
2, 1181
List the prime factors of 2948.
2, 11, 67
What are the prime factors of 12279?
3, 4093
What are the prime factors of 4978?
2, 19, 131
What are the prime factors of 2138?
2, 1069
What are the prime factors of 15644?
2, 3911
List the prime factors of 5608.
2, 701
What are the prime factors of 74597?
74597
What are the prime factors of 1996?
2, 499
What are the prime factors of 17490?
2, 3, 5, 11, 53
What are the prime factors of 130340?
2, 5, 7, 19
What are the prime factors of 2230?
2, 5, 223
List the prime factors of 145762.
2, 31, 2351
What are the prime factors of 7662?
2, 3, 1277
What are the prime factors of 4570?
2, 5, 457
List the prime factors of 3259.
3259
What are the prime factors of 83617?
83617
List the prime factors of 2143.
2143
List the prime factors of 333.
3, 37
What are the prime factors of 955?
5, 191
List the prime factors of 832.
2, 13
List the prime factors of 46454.
2, 23227
What are the prime factors of 15703?
41, 383
List the prime factors of 7117.
11, 647
List the prime factors of 642.
2, 3, 107
List the prime factors of 24826.
2, 12413
What are the prime factors of 15070?
2, 5, 11, 137
List the prime factors of 3660.
2, 3, 5, 61
List the prime factors of 93837.
3, 31, 1009
What are the prime factors of 2708?
2, 677
List the prime factors of 1675.
5, 67
What are the prime factors of 4186?
2, 7, 13, 23
What are the prime factors of 52725?
3, 5, 19, 37
What are the prime factors of 2603?
19, 137
List the prime factors of 5076.
2, 3, 47
List the prime factors of 396.
2, 3, 11
What are the prime factors of 26024?
2, 3253
What are the prime factors of 83?
83
List the prime factors of 4153.
4153
List the prime factors of 856.
2, 107
List the prime factors of 12836.
2, 3209
List the prime factors of 30107.
7, 11, 17, 23
List the prime factors of 41644.
2, 29, 359
What are the prime factors of 2724?
2, 3, 227
What are the prime factors of 1183?
7, 13
List the prime factors of 14594.
2, 7297
What are the prime factors of 66157?
7, 13, 727
What are the prime factors of 2251?
2251
What are the prime factors of 13490?
2, 5, 19, 71
What are the prime factors of 1000?
2, 5
What are the prime factors of 13159?
13159
List the prime factors of 23615.
5, 4723
List the prime factors of 153.
3, 17
List the prime factors of 22203.
3, 2467
List the prime factors of 85530.
2, 3, 5, 2851
What are the prime factors of 16440?
2, 3, 5, 137
What are the prime factors of 10162?
2, 5081
List the prime factors of 60424.
2, 7, 13, 83
What are the prime factors of 3911?
3911
What are the prime factors of 2683?
2683
List the prime factors of 880.
2, 5, 11
List the prime factors of 1247.
29, 43
What are the prime factors of 68182?
2, 73, 467
List the prime factors of 5274.
2, 3, 293
List the prime factors of 9696.
2, 3, 101
List the prime factors of 51724.
2, 67, 193
What are the prime factors of 112908?
2, 3, 97
List the prime factors of 891.
3, 11
List the prime factors of 8519.
7, 1217
List the prime factors of 2115.
3, 5, 47
What are the prime factors of 1794?
2, 3, 13, 23
What are the prime factors of 20536?
2, 17, 151
List the prime factors of 1418.
2, 709
What are the prime factors of 23946?
2, 3, 13, 307
List the prime factors of 453.
3, 151
What are the prime factors of 11898?
2, 3, 661
What are the prime factors of 942?
2, 3, 157
What are the prime factors of 2944?
2, 23
What are the prime factors of 77239?
77239
What are the prime factors of 293?
293
List the prime factors of 16960.
2, 5, 53
What are the prime factors of 83?
83
List the prime factors of 41391.
3, 7, 73
What are the prime factors of 49641?
3, 16547
What are the prime factors of 810?
2, 3, 5
List the prime factors of 2427.
3, 809
List the prime factors of 3411.
3, 379
List the prime factors of 17155.
5, 47, 73
What are the prime factors of 44733?
3, 13, 31, 37
List the prime factors of 2241.
3, 83
What are the prime factors of 435?
3, 5, 29
What are the prime factors of 37170?
2, 3, 5, 7, 59
List the prime factors of 992.
2, 31
List the prime factors of 5933.
17, 349
What are the prime factors of 388?
2, 97
List the prime factors of 44074.
2, 22037
What are the prime factors of 95117?
11, 8647
List the prime factors of 83642.
2, 13, 3217
List the prime factors of 12303.
3, 1367
List the prime factors of 60230.
2, 5, 19, 317
List the prime factors of 641.
641
List the prime factors of 3823.
3823
List the prime factors of 16724.
2, 37, 113
List the prime factors of 15361.
15361
What are the prime factors of 42967?
42967
What are the prime factors of 187?
11, 17
What are the prime factors of 9130?
2, 5, 11, 83
List the prime factors of 34828.
2, 8707
What are the prime factors of 1470?
2, 3, 5, 7
What are the prime factors of 870?
2, 3, 5, 29
What are the prime factors of 4041?
3, 449
List the prime factors of 2193.
3, 17, 43
What are the prime factors of 30384?
2, 3, 211
What are the prime factors of 112?
2, 7
What are the prime factors of 5772?
2, 3, 13, 37
What are the prime factors of 2509?
13, 193
List the prime factors of 2977.
13, 229
List the prime factors of 96844.
2, 11, 31, 71
What are the prime factors of 7966?
2, 7, 569
What are the prime factors of 20055?
3, 5, 7, 1